eatest common divisor of 4020 and h.
20
Suppose 2224 = 9*k + 145. Let v = -208 + k. Calculate the greatest common factor of 1 and v.
1
Let l = 21344 + -21162. Calculate the greatest common factor of l and 329.
7
Suppose -60*r - 128*r = -3572. Let w be (-5)/(-2)*(34 - 2). Let p be -1 + 0 - w/(-4). What is the greatest common divisor of p and r?
19
Let m be (-7)/(-2) + (-21)/14. Suppose -x - 3*o = -m*o - 83, 68 = x + 4*o. Suppose x = u - 53. Calculate the highest common factor of u and 47.
47
Let q = -3297 - -5064. What is the highest common divisor of q and 171?
57
Suppose -c - 75 = -6*c. Let v = 68 - 98. Let p = v + 40. What is the greatest common divisor of p and c?
5
Suppose -582 - 5826 = 2690*h - 2779*h. Let x be 2*6*63/3. What is the greatest common divisor of x and h?
36
Let i = -302 + 254. Let h be i/(96/56 + -2). What is the highest common factor of 18 and h?
6
Let w be 2/5 + -5*(-815)/125. Let o = 102 - 40. Suppose -202 - o = -g. Calculate the greatest common factor of w and g.
33
Suppose -3*h + 212 = m - 21, 0 = -2*h - 3*m + 167. What is the greatest common factor of 2774 and h?
38
Suppose 2*x + 2718 = 4*f, -95*x + 711 = f - 99*x. Calculate the highest common divisor of 735 and f.
15
Suppose -n + 5 = -8. Let x be -3 - 0 - (n - 1). Let l = 35 + x. What is the greatest common factor of l and 140?
20
Let u be -50*(-297)/132*(-32)/(-6). What is the highest common factor of 96 and u?
24
Let c(r) = r**2 - 30*r - 27. Let q be c(25). Let g = q - -256. Suppose 5*k + 4*w - g = 0, -82 = -5*k + w + 42. What is the greatest common divisor of k and 36?
12
Let p be (-4 + 1)*-3*(-6)/27. Let q be (-3)/6*-2*46 - p. Suppose -16 + q = 4*v. What is the greatest common factor of 64 and v?
8
Let o(y) = -40*y - 1038. Let x be o(-84). What is the greatest common divisor of 12 and x?
6
Let m be 2201/25 - 433/10825. Calculate the highest common divisor of m and 2123.
11
Let z(l) = 30*l + 9. Let w be z(-8). Let m = w - -631. What is the highest common factor of m and 25?
25
Let h be (60/14)/((-2)/(-112)). Let c be (-1 - -4)*h/9. Suppose -12*q - 3*l = -9*q - 105, -4*q + 149 = 7*l. What is the greatest common divisor of q and c?
16
Let m = -15144 + 20109. What is the highest common factor of 15 and m?
15
Let f be (3*4/(-36))/((-1)/102). Suppose 0 = -5*k + f - 129. Let h(r) = -2*r**2 - 39*r + 11. Let i be h(k). Calculate the greatest common factor of i and 20.
10
Let o = -3751 - -6478. What is the greatest common divisor of o and 27?
27
Let q be (0 - 4/12)/((-73)/5256). What is the greatest common divisor of q and 16284?
12
Suppose -250*w - 62*w + 10374 = -65*w. Let z be ((-243)/6)/((-3)/28). Calculate the greatest common divisor of w and z.
42
Let n(k) = -41*k**3 + 3*k**2 + 92*k + 456. Let t be n(-5). Calculate the highest common factor of t and 12.
12
Let p be (1800/84)/((-1)/(-7)). Suppose -157*c = -p*c - 140. Calculate the highest common divisor of 250 and c.
10
Let r(j) = -j**2 - 19*j - 72. Let d be r(-14). Let f be d/13 - (-2448)/26 - -2. What is the greatest common divisor of f and 6?
6
Let r(h) = h**2 + 27*h + 22. Let u be r(-26). Let i be (u/(-20) + 64/(-20))/(-3). What is the highest common factor of i and 3?
1
Suppose 0 = 4*r - 2*r + 68. Let o = -7249 - -7353. Let k = o + r. Calculate the greatest common divisor of k and 10.
10
Let d be (-1)/4 - (49/28 - 10). What is the highest common divisor of d and 1236?
4
Suppose -3772*o + 3763*o = -51264. What is the greatest common factor of 8 and o?
8
Let p = -155 - -223. Suppose -p - 82 = -5*y. Let g = -6376 + 6396. Calculate the highest common factor of y and g.
10
Suppose -258*w = -244*w - 56. What is the greatest common divisor of 2334 and w?
2
Let f = -3122 - -3143. Let l(k) = k**3 - 6*k**2 - 3*k + 6. Let i be l(4). Let t = 206 + i. What is the highest common divisor of f and t?
21
Let h be ((-51)/34)/(6/4) - -120. Let v be (-5)/(-60)*(-6)/4 - 6544/(-128). What is the greatest common divisor of h and v?
17
Suppose -20*p - 46 - 274 = 0. Let d be (-2 + (-40)/p)*638. What is the highest common factor of 29 and d?
29
Suppose 478*w = 469*w - 54. Let z be ((-237)/w + -2)*8/10. Calculate the greatest common divisor of z and 195.
15
Let d be 1/(-6*(-5)/(-10230)). Let h = 354 + d. Let k be 13 + 0*(-2)/(-4). Calculate the greatest common divisor of k and h.
13
Let y = 18 + -21. Let v be -2 + 62 + y - 4. Suppose 7 = 3*q - v. What is the greatest common factor of 30 and q?
10
Let l(u) = u**3 + 5*u**2 + 3*u + 4. Let d be l(-4). Let k = d - 4. Suppose 0 = 6*t + 460 - 472. What is the highest common factor of t and k?
2
Let z(h) = 2*h**2 + 120*h + 734. Let g be z(-6). Suppose -4*t - 389 = -81. Let j = g + t. Calculate the greatest common divisor of 45 and j.
9
Suppose 217*o + 12275 = -32*o + 62075. Calculate the greatest common factor of o and 65.
5
Let u(i) = -3*i**3 + 27*i**2 - 30*i + 212. Let t be u(7). What is the greatest common divisor of t and 333?
37
Suppose 7272 = -5*k + 7*c + 66156, -4*c = -2*k + 23544. Calculate the highest common factor of 70 and k.
14
Let g = -3796 - -3848. Calculate the greatest common divisor of g and 1261.
13
Suppose 2*n = -6, 3*n = -5*s + 754 - 43. Suppose -91*u + 8 = -89*u. Calculate the highest common divisor of u and s.
4
Suppose 15 + 0 = 5*o. Suppose 4*d + 8 = 0, 5*f - o = d - 2*d. Let b be (1/f)/(6/192). Calculate the highest common factor of 32 and b.
32
Let p = -1892 - -2300. What is the greatest common factor of p and 3162?
102
Let m(n) = n**3 - n**2 + 10. Let a be m(0). Let f be (-5)/(-35) - (-717)/(-21). Let g be f/(-8) + 1 + (-40)/32. Calculate the highest common divisor of a and g.
2
Suppose 7*q = 26 + 2. Let i(y) = 8*y**3 - 2 + 6 - q - y + y**2. Let s be i(1). Calculate the highest common divisor of s and 24.
8
Suppose 6*c - 308 + 56 = 0. Let o be (-6)/5*(-21 - c/(-7)). Let t(m) = 2*m**2 - 13*m + 12. Let z be t(8). Calculate the highest common divisor of z and o.
18
Suppose 2*h + 162 = p, -5*p + 4*h - 300 = -7*p. What is the highest common divisor of p and 28?
4
Let w(g) = -45*g + 1566. Let p be w(29). Calculate the highest common divisor of 116 and p.
29
Let f = 64 - 33. Suppose -7696 + 2240 = -22*k. What is the highest common divisor of k and f?
31
Suppose -617*m - 2*r - 15412 = -619*m, -4*m + 3*r = -30826. Calculate the greatest common factor of 492 and m.
164
Let j = -2146 + 2226. What is the highest common factor of 176 and j?
16
Let r = -66 - -120. Suppose 0 = 2*a + 5*v - 51, -56*a + 61*a + 2*v = 96. Calculate the greatest common factor of a and r.
18
Let u = 945 + -805. Calculate the greatest common factor of u and 60.
20
Let u be ((-12)/28)/(1/(-7)). Suppose -2*g - 3*j - 5 = 0, u*g - 14 = j + 6. Suppose 2*i = i + 15. What is the highest common divisor of i and g?
5
Let x = 854 - 728. Suppose 0 = 5*n, -6*s + 8*s + 4*n = x. Suppose 2*a - a = 21. What is the greatest common divisor of s and a?
21
Let m be 46 + 0/(-1) + -20 + 22. Suppose -3*u - 35 = 34. Let r = u + 31. What is the greatest common divisor of r and m?
8
Let q(d) = d**2 - 58*d - 580. Let u be q(85). What is the highest common divisor of u and 175?
35
Suppose -6*y + 87405 = 255*d - 252*d, -1 = d. What is the highest common divisor of 6 and y?
6
Suppose 3*c = -26 + 740. Let y = -103 + 120. What is the greatest common factor of c and y?
17
Suppose -13*p = -18*p - 145. Let i = -21 - p. Let r(t) = 7*t**2 + 3*t. Let o be r(3). What is the highest common divisor of o and i?
8
Let i = 9089 - 8921. What is the highest common divisor of 4746 and i?
42
Let k be (396/15 - 2/5)*(-1610)/644. Suppose -a + 2*a - d + 90 = 0, 0 = a + 3*d + 86. Let z = k - a. What is the greatest common factor of z and 36?
12
Let a = -18219 + 18587. Calculate the greatest common factor of a and 2668.
92
Let d(y) = y + 5. Let o be d(-4). Let u be (o + -217)/4 - -2. Let h = u - -152. Calculate the highest common divisor of 25 and h.
25
Let k = -3412 + 3454. Let p = 28 + 42. What is the highest common factor of p and k?
14
Let i(y) = 28*y + 126. Let l be i(-2). What is the greatest common factor of l and 4452?
14
Suppose -20*n + 13*n + 77 = 0. Let j be ((-5)/6)/5 + 38489/66. Calculate the greatest common factor of n and j.
11
Let k(x) = -x**2 - 34*x - 109. Let a be k(-30). Let l be (4 - -3) + -3 - -117. What is the highest common divisor of l